ors of r.
2, 59
Let y = 13 + -34. What are the prime factors of (-594)/y + (-6)/21?
2, 7
Let j(c) = c - 1. Let a be j(-6). Let b be 370/35 + 4/(-7). Let u = b + a. What are the prime factors of u?
3
Suppose -226 = -6*a + 38. What are the prime factors of a?
2, 11
What are the prime factors of (99 - 3/(-3)) + (-3 - -2)?
3, 11
Let m(x) = -3*x + 9. Let a be m(4). Let w(s) = -3 - 8*s + 3*s + s. What are the prime factors of w(a)?
3
Let o(a) = a**2 + 8*a + 10. Let n be o(-8). Let f be -10*(6/n - 1). Suppose 0 = -f*y - 4*x + 48, -3*y = -8*y + 2*x + 32. What are the prime factors of y?
2
Let x(q) = -20*q - 11. Let v(r) = -1 - 2*r - 3 - 5*r. Let y(g) = -17*v(g) + 6*x(g). What are the prime factors of y(-4)?
2, 3
Suppose c - a = 2*a - 3, 4*c + 5*a - 5 = 0. Suppose c*b - 3*b + 105 = 3*k, k + 2 = 0. List the prime factors of b.
37
Let v = 12 - 8. Suppose 5*b - 2*b - 2*u = 46, -v*u - 76 = -5*b. What are the prime factors of b?
2
Let s(x) = 15 + 2*x**2 - 3 - 4*x + 12*x - 3*x**2. List the prime factors of s(9).
3
Let z be -2 + (-20)/(-1) + 2. List the prime factors of (9/5)/(2/z).
2, 3
Let f(w) = -2*w - 7. Let m be f(-8). Let x = -3 - m. List the prime factors of (-244)/x - 2/(-3).
3, 7
Suppose -4*p + 24 = -0*p. Let y(b) = 4*b + 7. Let a be y(p). Suppose 2*o - 49 = -3*g + 6*o, -g + a = -5*o. What are the prime factors of g?
11
Let h be 5/(-10) - (-58)/(-4). Let a be (h/3)/(2/(-6)). Suppose 0 = -3*i - a, -i - i = 5*p. What are the prime factors of p?
2
Let z(k) = 7*k**3 - 2*k**2 + 2*k + 4. List the prime factors of z(2).
2, 7
Let s = -11 + 2. List the prime factors of (s - -1)*10/(-10).
2
Suppose 3*v - 131 = -5*p - v, 5*v - 66 = -2*p. List the prime factors of p.
23
Let a = -10 + 14. Suppose 26 = a*o - 2*x - x, -6 = -2*o + 5*x. What are the prime factors of o?
2
Let j(y) = -y**2 + 8*y. Let v be j(8). Let a(r) = -r**2 + 5*r + 3. Let z be a(4). Suppose h + l - z = 0, -h + v*h = -l + 1. List the prime factors of h.
3
Let g(a) = -2*a - 18. What are the prime factors of g(-13)?
2
List the prime factors of 9/(-27)*(-1 - 20).
7
Let b(l) be the first derivative of -l**3/3 - 3*l**2 - 3*l + 1. Let s(u) be the first derivative of b(u). What are the prime factors of s(-8)?
2, 5
Let d = 14 + -2. What are the prime factors of d?
2, 3
Suppose 3*g = 175 - 28. Let y = g + -27. What are the prime factors of y?
2, 11
Suppose 0 = 3*i + 4*w - 1120, i + 4*w - 748 = -i. List the prime factors of i.
2, 3, 31
Let u(x) = -2*x + 3. Let j be u(2). Let b(r) be the third derivative of -r**6/15 - r**3/6 - 2*r**2. List the prime factors of b(j).
7
Let i(z) = 3*z**2 - 6*z + 11. List the prime factors of i(5).
2, 7
Let w(b) = -b**3 - 2*b**2 + 3*b - 5. Let p be w(-4). Suppose q - 2*q = -p. What are the prime factors of q?
3, 5
Let o be ((-5)/5)/(1/(-27)). Suppose o = -v + 4*v - 3*j, -30 = -4*v + 2*j. List the prime factors of v.
2, 3
Let m(u) = u**3 + 9*u**2 + 9*u + 12. Let x be m(-8). Suppose -5*v + 2*n = 0, -16 = -0*v - 2*v + x*n. What are the prime factors of -11*(-3 - v)/1?
11
Let r(c) = 2*c**3 - 3*c**2 + c + 2. What are the prime factors of r(4)?
2, 43
Suppose 2*w = 5*m - 1219, 3*m + w - 726 = 4*w. List the prime factors of m.
5, 7
Let w = 6 + 2. Let m be 1*2*(-9)/(-6). Suppose -m*t - t = -w. List the prime factors of t.
2
Let z(b) = -b**2 - b - 1. Let r be z(-5). Let t be r + 0/(-1 + 4). Let w = -12 - t. What are the prime factors of w?
3
Let k(m) = -m**2 + 12*m + 13. List the prime factors of k(12).
13
Let s be ((-42)/8)/(3/12). Let z be 9*(3 - 11/3). What are the prime factors of -7*-3*z/s?
2, 3
Let p(u) = -u**2 + 13*u. Let g(q) = -q**3 + 6*q**2 + 3*q - 7. Let a be g(6). What are the prime factors of p(a)?
2, 11
Suppose -7 + 91 = 4*l. Suppose 6 = -2*f - 5*a - 4, -4*a = -f - 18. Let i = f + l. List the prime factors of i.
11
Let y(h) = h - 3. Let u be y(6). Let z(q) = -q**2 + 6*q + 8. Let d be z(6). Let f = d + u. What are the prime factors of f?
11
Let b(z) = z**3 - 4*z**2 + 2*z. Let j be b(4). Let u = 10 - j. Suppose -7*f - 5*a = -u*f - 50, -3*a + 24 = 2*f. List the prime factors of f.
2, 3
Let y = 67 + -29. Suppose -p = -4*m + 85, 0*p - 4*p = 2*m - y. Suppose -37 = -5*l - 3*v, 2*l + 3*v - m = -l. What are the prime factors of l?
2
List the prime factors of -52*2/8*-2.
2, 13
Suppose 2*c + 184 = 4*j, j + 3*c = -j + 84. Suppose j = h + 2*h. List the prime factors of h.
3, 5
Suppose 2*a + 5 = 2*r - 1, -2*a = 5*r - 29. Suppose r*q - j = -4*j + 67, -4*j = -2*q + 6. What are the prime factors of q?
11
Let b be 4/14 - (-412)/28. Let z = b - -5. List the prime factors of z.
2, 5
Suppose 0 = -6*j + 11*j + 30. List the prime factors of 10*3 + 5 + j.
29
Let t(z) = 24*z + 21*z - 2 + 4*z. What are the prime factors of t(1)?
47
Suppose 6 = 3*s - 4*c - 0, -2*s = c - 15. Suppose s*k - 9 = 3*k. Suppose k*z - 21 = -x - x, 0 = 3*x - z - 15. What are the prime factors of x?
2, 3
Let q(g) = -8 + 3 + 5 + g. List the prime factors of q(6).
2, 3
Suppose 0 = -10*s + 5*s + 1235. Suppose 5*d - s + 102 = 0. List the prime factors of d.
29
Let c = 14 - 13. What are the prime factors of 0 + c + 102/3?
5, 7
Let j(p) = -p - 2. Let o be j(4). Suppose -9*f + 11 = 92. What are the prime factors of 6/f + (-124)/o?
2, 5
Let g(u) be the third derivative of u**6/120 - u**5/12 + u**4/3 - 5*u**3/3 + 5*u**2. What are the prime factors of g(5)?
2, 3, 5
Suppose -s - 3 = 3*n + 5, 0 = -2*s - 2*n. Suppose -m - s*m = -15. Suppose -4*i + m*w = -8 - 46, 14 = i - w. List the prime factors of i.
2, 3
Suppose -4*z = 2*t - 250, -5*t + z + z = -601. What are the prime factors of t?
11
Suppose -4*d + 2*d + 8 = 0. List the prime factors of d.
2
Let m be (-3)/(-6) - 1/2. Suppose -8 = -o + 2*n - 4, 5*n - 25 = m. Suppose 3*u = 9, -2*u + o = -0*r + r. What are the prime factors of r?
2
Let z = 10 + 22. Let t = z + -18. What are the prime factors of t?
2, 7
Let o = 5 - 6. Let y(u) = u**2 - 2*u - 1. What are the prime factors of y(o)?
2
Let z = -3 + 6. Suppose -11 = -z*d + 2*d. What are the prime factors of d?
11
Let t be 4 + (2 - 5 - -1). Suppose 2*q + t = 16. What are the prime factors of q?
7
Let m(j) = j**3 + 6*j**2 + 3*j - 4. Let v be m(-5). Suppose -q - v = -3*c, 2*q - q + 2*c = 9. Let k(p) = 4*p - 3. List the prime factors of k(q).
3
Let x be 0 - (-3 - -4) - 17. Let s = x - -26. What are the prime factors of (2/s)/(3/132)?
11
Suppose 2*p - 390 = -0*p. List the prime factors of p.
3, 5, 13
What are the prime factors of 14/77 - 225/(-33)?
7
List the prime factors of 2/17 - 5922/(-238).
5
Let a(q) be the second derivative of -11*q**3/6 - 2*q**2 - 2*q. Let o be a(-5). Suppose -s = -5*t + o, -t - 1 = 5*s - 6. What are the prime factors of t?
2, 5
List the prime factors of 34 + -2 + (3 - -1).
2, 3
Suppose w + w = -3*q + 13, -3*w - 4*q = -18. Suppose -2*j - 201 = -5*o, o = w*o - 5*j - 54. List the prime factors of o.
3, 13
Let s = -66 - -11. Let z = s - -87. What are the prime factors of z?
2
Let x(m) = m + 9. Let o be x(-10). Let z = o - -4. What are the prime factors of z?
3
Suppose -q + 225 = 3*p, 5*q - p + 3*p - 1073 = 0. List the prime factors of q.
3, 71
Suppose -2*r - 37 = -365. List the prime factors of r.
2, 41
Let x(a) be the third derivative of 13*a**5/60 + a**3/6 + 3*a**2. Suppose 0 = -o - 3 + 2. What are the prime factors of x(o)?
2, 7
Let s = -386 - -748. List the prime factors of s.
2, 181
Let w(v) = -3*v + 2. Let x(i) = -3 + 2 + 0. Let s(p) = w(p) + 4*x(p). List the prime factors of s(-4).
2, 5
Let m = -14 + 10. List the prime factors of (0 + 1)/(m/(-76)).
19
Let s(h) be the third derivative of h**6/360 + h**5/40 - h**4/3 - h**3/6 - h**2. Let d(b) be the first derivative of s(b). What are the prime factors of d(-6)?
2, 5
Let v(j) be the second derivative of j**5/20 + j**4/2 + j**3/2 + 5*j**2/2 - 2*j. List the prime factors of v(-5).
3, 5
Let h(i) = i**2 + i. Let q be h(-2). Let s = q + 20. What are the prime factors of s?
2, 11
Suppose n + 15 = 4*n. Suppose 3*q - p = 2*p - 15, 2*q + 3*p - n = 0. Let t = q + 5. What are the prime factors of t?
3
Let r = -11 - -15. Suppose 36 = r*m + 5*d, 5*d = m - 6*m + 40. Suppose m*z - 6 = z. What are the prime factors of z?
2
Let a(f) = f**3. Let s(v) = -7*v**3 + 6*v**2 - 3*v + 2. Let y(l) = 6*a(l) + s(l). Let j be y(5). Suppose j = -2*u + 36. List the prime factors of u.
2, 3
Let t be (-1